
Is 857231771 a multiple of 809?
True
Is 3696 a factor of 185313744?
True
Is 43 a factor of 6505040?
True
Is 166 a factor of 43728617?
False
Is 513321115 a multiple of 310?
False
Is 719994597 a multiple of 304?
False
Does 13 divide 128600485?
True
Is 53 a factor of 74655808?
False
Is 336294043 a multiple of 12?
False
Is 38281554 a multiple of 634?
True
Is 822 a factor of 25096482?
True
Does 11 divide 3160723166?
False
Is 683 a factor of 836102310?
False
Does 1539 divide 69379951?
False
Does 92 divide 115214768?
False
Does 32 divide 854591968?
True
Is 55 a factor of 679444375?
False
Is 82626872 a multiple of 739?
False
Is 407171313 a multiple of 14?
False
Is 35 a factor of 16469075?
True
Does 7654 divide 588182448?
False
Is 4921674 a multiple of 6?
True
Is 35 a factor of 235414073?
False
Is 498 a factor of 83921466?
True
Is 3 a factor of 88422073?
False
Does 79 divide 982553412?
False
Is 47 a factor of 11559791?
True
Does 4 divide 1109534?
False
Is 351 a factor of 177771321?
True
Is 2150852440 a multiple of 3610?
True
Is 1953624485 a multiple of 7350?
False
Is 227536397 a multiple of 1481?
True
Does 4 divide 1916536?
True
Does 14 divide 307911065?
False
Does 253 divide 188530318?
False
Is 1640306417 a multiple of 8640?
False
Does 14 divide 596607326?
True
Is 425807520 a multiple of 24?
True
Is 24966356 a multiple of 519?
False
Does 726 divide 2364981088?
False
Is 170 a factor of 520435209?
False
Is 105 a factor of 51998100?
True
Does 91 divide 3023962?
False
Does 14 divide 275672621?
False
Is 20 a factor of 68797260?
True
Is 60 a factor of 45823020?
True
Is 830269389 a multiple of 354?
False
Does 349 divide 156803825?
False
Does 5400 divide 1517513400?
True
Is 5 a factor of 131244393?
False
Does 36 divide 14079406?
False
Is 377594738 a multiple of 37?
False
Does 2 divide 33270666?
True
Is 795 a factor of 72422910?
True
Is 23860080 a multiple of 15?
True
Does 19 divide 1271537?
True
Is 42 a factor of 741460608?
True
Is 88923794 a multiple of 159?
False
Is 666 a factor of 779418468?
True
Is 56 a factor of 468096272?
True
Does 2553 divide 123055233?
False
Is 366 a factor of 46598202?
False
Is 1285 a factor of 2191458275?
True
Is 84297960 a multiple of 9?
True
Is 53 a factor of 18475009?
False
Is 571 a factor of 19609282?
True
Is 67 a factor of 160189774?
False
Is 190371799 a multiple of 385?
False
Is 190 a factor of 512683839?
False
Does 876 divide 27585240?
True
Does 22 divide 271205176?
True
Does 12 divide 292478540?
False
Is 22 a factor of 3277384?
True
Is 177925048 a multiple of 274?
False
Is 1435 a factor of 75410466?
False
Is 647 a factor of 715730810?
True
Is 14 a factor of 77206775?
False
Is 1661 a factor of 407763054?
False
Does 25 divide 495001987?
False
Is 352427216 a multiple of 502?
False
Is 39930303 a multiple of 3?
True
Does 105 divide 2721442282?
False
Does 3005 divide 1582342850?
True
Is 5756 a factor of 148832953?
False
Does 5981 divide 366816783?
False
Does 3324 divide 1623446096?
False
Is 314730 a multiple of 45?
True
Is 444793973 a multiple of 110?
False
Is 168 a factor of 27904999?
False
Does 1160 divide 276178600?
True
Is 749 a factor of 930403491?
False
Is 37 a factor of 244331112?
False
Is 648 a factor of 796690080?
True
Does 118 divide 447699?
False
Does 243 divide 138490223?
False
Does 12 divide 23547192?
True
Does 147 divide 313009158?
True
Is 421224736 a multiple of 131?
True
Is 110 a factor of 60044982?
False
Is 405 a factor of 91109805?
False
Is 26572959 a multiple of 118?
False
Is 43 a factor of 29695811?
False
Is 48 a factor of 38663712?
True
Is 2661 a factor of 21180590?
False
Is 214512 a multiple of 12?
True
Is 2363444 a multiple of 379?
True
Is 74092271 a multiple of 856?
False
Is 226123326 a multiple of 891?
True
Is 1334 a factor of 146046851?
False
Does 5247 divide 1698334716?
False
Is 851 a factor of 124285146?
True
Is 78570804 a multiple of 68?
True
Is 118 a factor of 54990449?
False
Is 3260 a factor of 774128707?
False
Is 5 a factor of 17385270?
True
Is 20 a factor of 208155340?
True
Does 76 divide 31068823?
False
Does 36 divide 43308000?
True
Is 390142724 a multiple of 480?
False
Is 20223687 a multiple of 1023?
True
Is 61856092 a multiple of 10?
False
Is 2407 a factor of 137489755?
False
Is 28123326 a multiple of 663?
False
Is 30 a factor of 99061826?
False
Does 61 divide 107697423?
False
Is 1274 a factor of 22292452?
True
Is 1368 a factor of 596364569?
False
Is 989 a factor of 60738798?
False
Does 6 divide 91383158?
False
Does 8 divide 47570424?
True
Is 9 a factor of 23760648?
True
Is 69 a factor of 189682380?
True
Is 43161277 a multiple of 37?
True
Does 88 divide 271807385?
False
Does 15 divide 27559275?
True
Is 9 a factor of 12074140?
False
Does 4 divide 12378073?
False
Is 2466152175 a multiple of 25?
True
Is 1148 a factor of 66559892?
True
Is 954 a factor of 378259092?
True
Is 85584159 a multiple of 549?
True
Is 2639917 a multiple of 5?
False
Does 59 divide 60175806?
False
Is 3348829 a multiple of 66?
False
Does 3838 divide 235630172?
True
Is 2 a factor of 149485033?
False
Is 651648674 a multiple of 182?
False
Is 902 a factor of 37296298?
False
Is 71799074 a multiple of 750?
False
Is 3387 a factor of 1263862906?
False
Does 630 divide 515204550?
True
Is 178292148 a multiple of 946?
False
Is 309 a factor of 509498828?
False
Does 356 divide 94455737?
False
Is 3311881199 a multiple of 121?
True
Is 6 a factor of 41367097?
False
Does 9 divide 62715105?
True
Is 1818 a factor of 6189088302?
True
Is 97 a factor of 64542698?
False
Is 703 a factor of 85796932?
True
Is 71 a factor of 370379807?
True
Does 3011 divide 959160072?
True
Does 6177 divide 5480061760?
False
Does 342 divide 1916782335?
False
Is 16130598 a multiple of 11?
True
Is 4514466 a multiple of 73?
True
Is 227499869 a multiple of 29?
False
Is 10 a factor of 571107060?
True
Is 12 a factor of 334554828?
True
Is 1432452426 a multiple of 15?
False
Does 45 divide 45663821?
False
Does 671 divide 189147778?
False
Does 287 divide 30299881?
False
Is 188040430 a multiple of 1224?
False
Does 37 divide 624950516?
False
Is 324528435 a multiple of 9?
True
Does 3819 divide 115192497?
True
Is 3706 a factor of 173581628?
True
Does 337 divide 27311955?
False
Is 8109619 a multiple of 18?
False
Is 390 a factor of 119990130?
True
Is 45 a factor of 474005340?
True
Is 83591552 a multiple of 4?
True
Does 1565 divide 107230375?
False
Does 36 divide 1637875?
False
Is 186 a factor of 102886949?
False
Does 405 divide 507964?
False
Is 183 a factor of 2634531416?
False
Is 108641045 a multiple of 191?
False
Is 65 a factor of 84328205?
True
Is 122055000 a multiple of 1000?
True
Is 378 a factor of 17943727?
False
Does 17 divide 2969174954?
False
Is 255 a factor of 29234759?
False
Does 32 divide 6469352928?
True
Is 52 a factor of 2798710616?
True
Is 535 a factor of 1334814300?
True
Is 36871665 a multiple of 107?
True
Does 498 divide 132173236?
False
Does 9543 divide 534026280?
True
Is 1536996415 a multiple of 282?
False
Is 251 a factor of 31590869?
False
Is 30 a factor of 487034850?
True
Is 47 a factor of 761026988?
False
Does 49 divide 466431539?
True
Is 1094701500 a multiple of 180?
True
Is 24173749 a multiple of 2?
False
Is 2 a factor of 74400410?
True
Is 12 a factor of 18353675?
False
Is 8 a factor of 946145674?
False
Is 798 a factor of 206425842?
True
Is 9860068 a multiple of 68?
True
Is 48 a factor of 1364664809?
False
Does 105 divide 4286830?
False
Is 13339536 a multiple of 195?
False
Does 160 divide 74998730?
False
Is 262 a factor of 209090148?
True
Does 113 divide 83803094?
False
Is 32421422 a multiple of 49?
False
Is 2253 a factor of 8236968?
True
Does 7 divide 8426327?
True
Does 248 divide 336153088?
True
Is 225083 a multiple of 167?
False
Is 88268763 a multiple of 8081?
True
Does 2005 divide 19316435?
False
Is 8 a factor of 769820728?
True
Does 14 divide 35649161?
False
Is 692728200 a multiple of 3294?
True
Does 68 divide 651892856?
False
Does 289 divide 21181388?
True
Is 15 a factor of 3922740?
True
Is 25 a factor of 1185666439?
False
Is 6796720 a multiple of 35?
True
Is 87760696 a multiple of 3848?
False
Is 155560319 a multiple of 75?
False
Is 124791746 a multiple of 107?
True
Is 95 a factor of 275825553?
False
Is 176947047 a multiple of 1329?
True
Is 15395748 a mu